pose 16*g - 374 = 14*g. Calculate the highest common factor of g and c.
17
Let d be 5/(11/5 + -2). Let b be 15/d - (-7)/5. Calculate the greatest common divisor of 3 and b.
1
Suppose -2*p = 4*p + 5808. Let h be ((-16)/7 - -2) + p/(-56). Calculate the highest common divisor of h and 51.
17
Let u be (-28)/70 + (-1924)/(-10). Let i be (88/66)/((-2)/(-24)). Calculate the highest common factor of i and u.
16
Suppose -7*k + 12*k = 790. Let j = -15 + k. What is the highest common divisor of 13 and j?
13
Let x = 486 - 353. Calculate the greatest common factor of x and 2527.
133
Let j(t) = 64*t + 401. Let i be j(-6). Suppose -97 = -4*a - 5*s - 19, -2*a - 3*s = -40. Calculate the highest common divisor of i and a.
17
Let p(h) = 13*h - 13. Let k be p(7). Suppose -k = -3*c + c. What is the greatest common divisor of 195 and c?
39
Suppose 5*i = 171 + 159. Let n = 17164 - 17158. What is the greatest common factor of n and i?
6
Suppose 0 = -16*m - 96 + 464. What is the highest common divisor of m and 529?
23
Let a = 640 + -631. What is the greatest common factor of 873 and a?
9
Suppose -o = -24*m + 19*m - 101, o - 4*m - 98 = 0. What is the greatest common factor of o and 43?
43
Let n = -134 - -149. What is the greatest common divisor of n and 270?
15
Let x(t) = -t**2 + 36*t + 84. Let n be x(30). What is the greatest common factor of 33 and n?
33
Suppose -4*f = -2 - 2. Let y = 294 - 283. What is the greatest common factor of y and f?
1
Let q(k) = -k - 1. Let z be q(-4). Suppose -h - 41 = -4*r - 0*h, -3*h - 33 = -z*r. Suppose 1 - 181 = -2*j. Calculate the highest common divisor of j and r.
10
Suppose -20*f + 226 = -14. What is the greatest common factor of 36 and f?
12
Let d be (1/(-4))/((-5)/(-20)). Let g(q) = -3*q**3 + 2*q**2 + q. Let w be g(d). Calculate the highest common divisor of w and 1.
1
Let k(j) = 11*j**2 - 1. Let a be k(1). Suppose -a*c = -17*c + 168. What is the highest common factor of 36 and c?
12
Let d(s) = 4*s - 2. Let v be d(4). Suppose j + 43 = -5*r + 39, 3*j - 53 = -2*r. Calculate the highest common divisor of j and v.
7
Suppose 7*j + 3*v - 491 = 5*j, -2*v - 2 = 0. What is the highest common divisor of 19 and j?
19
Let t = -258 - -130. Let v = -8 - t. Let w be (-3)/(-4)*(16 - -4). Calculate the greatest common divisor of w and v.
15
Suppose -5*l = i + 18, -i + 0*l = -4*l - 18. Suppose -i*k + m = -8, 20 = 3*k + 2*k + 3*m. What is the greatest common divisor of 4 and k?
4
Let o = 6 - 3. Suppose -2*r - 27 = -3*r. What is the greatest common divisor of r and o?
3
Let o(v) = 11*v**2 - 31*v + 126. Let h be o(6). What is the highest common divisor of h and 63?
21
Let p be (-27)/(-2) + (-2)/(-4). Suppose 52*u - 3*v = 47*u + 67, 29 = 2*u + v. What is the highest common divisor of u and p?
14
Suppose 0*o - 2*o = -26. Let h = -17 - 7. Let x = h - -37. What is the highest common divisor of o and x?
13
Let h(c) be the second derivative of -c**4/12 + 3*c**3/2 - 4*c**2 + 8*c. Let z be h(5). Calculate the greatest common divisor of 96 and z.
12
Let a(d) = 13*d**2 - 135*d + 23. Let y be a(11). What is the greatest common divisor of y and 296?
37
Let n be (6/9)/(4/66). Let k(f) = f**3 - f**2 - f + 1. Let s be k(2). Suppose 266 + 31 = s*w. Calculate the highest common divisor of n and w.
11
Let l(f) = -f**2 - 7*f + 1. Let j be l(-7). Suppose 0 = v - j - 51. Suppose -t = -1, 0*b - b + 9 = -4*t. What is the greatest common divisor of b and v?
13
Let q be (-90)/24 + (-1)/4. Let g(u) = -u**3 + 4*u**2 - 3*u - 5. Let l be g(q). Calculate the highest common factor of l and 15.
15
Let y = -1515 + 1557. What is the greatest common divisor of 392 and y?
14
Let b = -542 - -659. Calculate the greatest common factor of 273 and b.
39
Suppose 0 = -5*r + 6*i - i - 45, -4*i + 49 = -5*r. Let z = -9 - r. Suppose 0 = 5*p + 5, -2*y - y - z*p = -17. What is the greatest common divisor of y and 63?
7
Suppose 94*p - 82*p - 22932 = 0. What is the highest common divisor of p and 39?
39
Suppose 3*x = 171 - 66. Let f be 4/6*(-6)/(-2). Let h be 5 + -2 + 4/f. What is the greatest common divisor of h and x?
5
Suppose -5*w + 10 = 3*l, w = 3*w - 5*l - 35. Suppose -w*p - 4*b + 146 = 46, -2*p + 40 = 2*b. What is the highest common factor of 5 and p?
5
Suppose -44 - 37 = -9*n. Suppose -c = s - 1, -c + 2 - 3 = 2*s. What is the greatest common factor of n and c?
3
Let s(m) = 3*m**2 - 6*m - 2. Let t be s(-4). Suppose 0 = -4*w + 2*p + 56, 2*p + 938 - 912 = w. Calculate the highest common divisor of t and w.
10
Let a(m) = -2*m**3 + 2*m**2 + m - 8. Let b be a(4). Let k = -86 - b. Calculate the highest common divisor of k and 98.
14
Let w be (-1824)/(-80) + (-6)/(-5). Calculate the greatest common divisor of 408 and w.
24
Let i = -367 + 375. Let g = -18 + 34. What is the greatest common divisor of i and g?
8
Suppose 253*o = 260*o - 8792. What is the highest common factor of 8 and o?
8
Suppose -3*i - b + 19 = -i, 0 = 3*b + 9. Let c(d) = -4*d + 2. Let n be c(-5). Calculate the greatest common factor of n and i.
11
Let n(u) = 3*u**2 - 10*u + 1. Let m be n(4). Suppose m*z = 11*z - 324. Suppose -7*y + z = -5*y. What is the greatest common factor of 9 and y?
9
Let n(f) = 3*f + 21. Let a(c) = -c - 1. Let s(h) = 2*a(h) + n(h). Let j be s(-13). Let o = j + 0. Calculate the highest common divisor of o and 15.
3
Let s = 7 - 4. Suppose 3 = -s*j + 147. Calculate the greatest common factor of 24 and j.
24
Let d(h) = -h**3 + h**2 + 5*h + 1. Let u be d(-2). Suppose -6*l - u*l + 324 = 0. Calculate the highest common factor of l and 90.
18
Suppose -12*h - 660 = -22*h. Calculate the highest common factor of h and 88.
22
Let j = -230 - -231. Calculate the greatest common factor of j and 25.
1
Let p = 1 - -4. Let b = 7 - p. Calculate the highest common divisor of 6 and b.
2
Let m = -1274 - -1439. What is the highest common divisor of m and 45?
15
Let z = 85 - 73. What is the highest common factor of z and 132?
12
Suppose -3*h - 414 = -w + 422, -5*w - 3*h + 4180 = 0. What is the highest common divisor of 76 and w?
76
Let l be (-8733)/(-39) + 1/13. What is the highest common divisor of 364 and l?
28
Let i(z) = -z**2 + 28*z - 177. Let g be i(11). Calculate the highest common divisor of g and 2.
2
Suppose 9*b + 40 = 11*b. What is the greatest common factor of 540 and b?
20
Let r(g) = 2*g - 8. Let y be 2 - -1 - (0 - 4). Let c be r(y). Let m(b) = b**3 - 6*b**2 + 3. Let q be m(c). Calculate the greatest common divisor of q and 3.
3
Let z be 4/(-5)*(-30)/12. Suppose 3*x - 3*g + 0*g + 12 = 0, -z*x + 3*g - 13 = 0. Let h be (1 + (x - 1))*20. Calculate the highest common divisor of 30 and h.
10
Let k be 3 - 2 - 1/1. Let c be 2*(k + (-33)/(-6)). What is the greatest common divisor of 11 and c?
11
Let u be 264 - (-5 - (-5 + 7)/2). Calculate the greatest common divisor of 54 and u.
54
Suppose 9*g + 751 = 1318. Calculate the greatest common divisor of g and 273.
21
Let j(p) = -38*p - 156. Let q be j(-6). Calculate the highest common factor of q and 126.
18
Let a = -45 + 80. Suppose -b = 4*p - 151 - 412, -15 = -5*b. Calculate the greatest common divisor of p and a.
35
Let c be (0 - 2)*(-8 - -1). Suppose 5*g = 5*w - 145, -3*w - 5*g + 47 = -8. Let b = w - c. What is the highest common divisor of 44 and b?
11
Let y be 81/4 + (-2)/8. Let h be (2/(24/21))/(1/4). Suppose 102 = 2*l - h*d + 5*d, 4 = -4*d. Calculate the greatest common factor of y and l.
10
Suppose -4*s + 27 = -5. Let u be (-8)/(-2) + (-76 - -76). Calculate the greatest common factor of s and u.
4
Let d = -5 + 11. Let r = 128 + -31. Let k = r - 43. Calculate the highest common factor of d and k.
6
Let p be 72 - ((-4 - -4) + 2). Calculate the highest common divisor of p and 385.
35
Let n = -1398 + 1411. What is the greatest common factor of 3341 and n?
13
Let r = -117 + 61. Let s = r - -31. Let l = s - -38. What is the highest common divisor of l and 91?
13
Suppose 96 = 4*k + g, -2*k - g + 32 = -14. Let q be (-4 + 5 - -3)*k. What is the highest common factor of q and 250?
50
Let g = -928 + 1447. What is the greatest common factor of g and 1?
1
Let s be (-4)/18 + -1*(-172)/(-36). Let g(r) = 2*r**2 + 9*r + 6. Let u be g(s). What is the highest common divisor of u and 11?
11
Let q = 29 - -25. What is the greatest common divisor of 81 and q?
27
Let f(h) be the third derivative of 